{"id":4957,"date":"2025-08-27T14:35:46","date_gmt":"2025-08-27T14:35:46","guid":{"rendered":"https:\/\/asdeliciasdosertao.com.br\/?post_type=product&#038;p=4957"},"modified":"2025-08-27T14:35:47","modified_gmt":"2025-08-27T14:35:47","slug":"gotas-de-ora-pro-nobis-100ml","status":"publish","type":"product","link":"https:\/\/asdeliciasdosertao.com.br\/?product=gotas-de-ora-pro-nobis-100ml","title":{"rendered":"Gotas de Ora-Pro-N\u00f3bis &#8211; 100ml"},"content":{"rendered":"<p>O que s\u00e3o Gotas de Ora-Pro-N\u00f3bis?<br \/>\nAs gotas de ora-pro-n\u00f3bis s\u00e3o um suplemento natural extra\u00eddo da planta conhecida por suas propriedades nutricionais. Esta planta, rica em prote\u00ednas e minerais, \u00e9 amplamente utilizada na medicina tradicional.<br \/>\nBenef\u00edcios das Gotas de Ora-Pro-N\u00f3bis<br \/>\nAs gotas oferecem uma s\u00e9rie de benef\u00edcios \u00e0 sa\u00fade, incluindo o fortalecimento do sistema imunol\u00f3gico e o aux\u00edlio na digest\u00e3o. Al\u00e9m disso, s\u00e3o uma excelente fonte de vitaminas que ajudam a manter a energia ao longo do dia.<br \/>\nComo Utilizar as Gotas de Ora-Pro-N\u00f3bis<br \/>\nAs gotas podem ser consumidas de diversas formas, como dilu\u00eddas em \u00e1gua ou adicionadas a receitas. \u00c9 uma maneira pr\u00e1tica de incorporar os nutrientes da planta em sua dieta di\u00e1ria.<\/p>\n","protected":false},"excerpt":{"rendered":"<p>O que s\u00e3o Gotas de Ora-Pro-N\u00f3bis? As gotas de ora-pro-n\u00f3bis s\u00e3o um suplemento natural extra\u00eddo da planta conhecida por suas propriedades nutricionais. Esta planta, rica em prote\u00ednas e minerais, \u00e9 amplamente utilizada na medicina tradicional. Benef\u00edcios das Gotas de Ora-Pro-N\u00f3bis As gotas oferecem uma s\u00e9rie de benef\u00edcios \u00e0 sa\u00fade, incluindo o fortalecimento do sistema imunol\u00f3gico [&hellip;]<\/p>\n","protected":false},"featured_media":1906,"comment_status":"open","ping_status":"closed","template":"","meta":[],"product_brand":[],"product_cat":[337],"product_tag":[],"class_list":{"0":"post-4957","1":"product","2":"type-product","3":"status-publish","4":"has-post-thumbnail","6":"product_cat-produtos-regionais","8":"first","9":"instock","10":"shipping-taxable","11":"purchasable","12":"product-type-simple"},"_links":{"self":[{"href":"https:\/\/asdeliciasdosertao.com.br\/index.php?rest_route=\/wp\/v2\/product\/4957","targetHints":{"allow":["GET"]}}],"collection":[{"href":"https:\/\/asdeliciasdosertao.com.br\/index.php?rest_route=\/wp\/v2\/product"}],"about":[{"href":"https:\/\/asdeliciasdosertao.com.br\/index.php?rest_route=\/wp\/v2\/types\/product"}],"replies":[{"embeddable":true,"href":"https:\/\/asdeliciasdosertao.com.br\/index.php?rest_route=%2Fwp%2Fv2%2Fcomments&post=4957"}],"wp:featuredmedia":[{"embeddable":true,"href":"https:\/\/asdeliciasdosertao.com.br\/index.php?rest_route=\/wp\/v2\/media\/1906"}],"wp:attachment":[{"href":"https:\/\/asdeliciasdosertao.com.br\/index.php?rest_route=%2Fwp%2Fv2%2Fmedia&parent=4957"}],"wp:term":[{"taxonomy":"product_brand","embeddable":true,"href":"https:\/\/asdeliciasdosertao.com.br\/index.php?rest_route=%2Fwp%2Fv2%2Fproduct_brand&post=4957"},{"taxonomy":"product_cat","embeddable":true,"href":"https:\/\/asdeliciasdosertao.com.br\/index.php?rest_route=%2Fwp%2Fv2%2Fproduct_cat&post=4957"},{"taxonomy":"product_tag","embeddable":true,"href":"https:\/\/asdeliciasdosertao.com.br\/index.php?rest_route=%2Fwp%2Fv2%2Fproduct_tag&post=4957"}],"curies":[{"name":"wp","href":"https:\/\/api.w.org\/{rel}","templated":true}]}}