{"id":4947,"date":"2025-08-27T14:35:45","date_gmt":"2025-08-27T14:35:45","guid":{"rendered":"https:\/\/asdeliciasdosertao.com.br\/?post_type=product&#038;p=4947"},"modified":"2025-08-27T14:35:46","modified_gmt":"2025-08-27T14:35:46","slug":"extrato-aquoso-de-propolis-verde-sem-alcool-30ml","status":"publish","type":"product","link":"https:\/\/asdeliciasdosertao.com.br\/?product=extrato-aquoso-de-propolis-verde-sem-alcool-30ml","title":{"rendered":"Extrato Aquoso de Pr\u00f3polis Verde &#8211; Sem \u00c1lcool &#8211; 30ml"},"content":{"rendered":"<p>O que \u00e9 o Extrato Aquoso de Pr\u00f3polis Verde?<br \/>\nO extrato aquoso de pr\u00f3polis verde sem \u00e1lcool \u00e9 um produto natural obtido a partir da resina das plantas, enriquecido por compostos bioativos. Este extrato \u00e9 livre de \u00e1lcool, o que o torna uma op\u00e7\u00e3o ideal para pessoas que buscam uma alternativa mais suave.<br \/>\nBenef\u00edcios do Extrato Sem \u00c1lcool<br \/>\nO uso do extrato aquoso de pr\u00f3polis verde pode apoiar o sistema imunol\u00f3gico e combater radicais livres, proporcionando assim, um bem-estar geral. Seus compostos naturais ajudam a promover a sa\u00fade sem os efeitos adversos do \u00e1lcool.<br \/>\nComo Usar Este Extrato<br \/>\nVoc\u00ea pode adicionar o extrato aquoso de pr\u00f3polis verde em bebidas, ch\u00e1s ou usar como um suplemento di\u00e1rio. \u00c9 uma forma pr\u00e1tica e eficaz de aproveitar todos os benef\u00edcios que este produto incr\u00edvel tem a oferecer!<\/p>\n","protected":false},"excerpt":{"rendered":"<p>O que \u00e9 o Extrato Aquoso de Pr\u00f3polis Verde? O extrato aquoso de pr\u00f3polis verde sem \u00e1lcool \u00e9 um produto natural obtido a partir da resina das plantas, enriquecido por compostos bioativos. Este extrato \u00e9 livre de \u00e1lcool, o que o torna uma op\u00e7\u00e3o ideal para pessoas que buscam uma alternativa mais suave. Benef\u00edcios do [&hellip;]<\/p>\n","protected":false},"featured_media":1858,"comment_status":"open","ping_status":"closed","template":"","meta":[],"product_brand":[],"product_cat":[339],"product_tag":[],"class_list":{"0":"post-4947","1":"product","2":"type-product","3":"status-publish","4":"has-post-thumbnail","6":"product_cat-saude-bem-estar","8":"first","9":"instock","10":"shipping-taxable","11":"purchasable","12":"product-type-simple"},"_links":{"self":[{"href":"https:\/\/asdeliciasdosertao.com.br\/index.php?rest_route=\/wp\/v2\/product\/4947","targetHints":{"allow":["GET"]}}],"collection":[{"href":"https:\/\/asdeliciasdosertao.com.br\/index.php?rest_route=\/wp\/v2\/product"}],"about":[{"href":"https:\/\/asdeliciasdosertao.com.br\/index.php?rest_route=\/wp\/v2\/types\/product"}],"replies":[{"embeddable":true,"href":"https:\/\/asdeliciasdosertao.com.br\/index.php?rest_route=%2Fwp%2Fv2%2Fcomments&post=4947"}],"wp:featuredmedia":[{"embeddable":true,"href":"https:\/\/asdeliciasdosertao.com.br\/index.php?rest_route=\/wp\/v2\/media\/1858"}],"wp:attachment":[{"href":"https:\/\/asdeliciasdosertao.com.br\/index.php?rest_route=%2Fwp%2Fv2%2Fmedia&parent=4947"}],"wp:term":[{"taxonomy":"product_brand","embeddable":true,"href":"https:\/\/asdeliciasdosertao.com.br\/index.php?rest_route=%2Fwp%2Fv2%2Fproduct_brand&post=4947"},{"taxonomy":"product_cat","embeddable":true,"href":"https:\/\/asdeliciasdosertao.com.br\/index.php?rest_route=%2Fwp%2Fv2%2Fproduct_cat&post=4947"},{"taxonomy":"product_tag","embeddable":true,"href":"https:\/\/asdeliciasdosertao.com.br\/index.php?rest_route=%2Fwp%2Fv2%2Fproduct_tag&post=4947"}],"curies":[{"name":"wp","href":"https:\/\/api.w.org\/{rel}","templated":true}]}}