{"id":4938,"date":"2025-08-27T14:35:42","date_gmt":"2025-08-27T14:35:42","guid":{"rendered":"https:\/\/asdeliciasdosertao.com.br\/?post_type=product&#038;p=4938"},"modified":"2025-08-27T14:35:44","modified_gmt":"2025-08-27T14:35:44","slug":"oleo-de-eucalipto-20ml","status":"publish","type":"product","link":"https:\/\/asdeliciasdosertao.com.br\/?product=oleo-de-eucalipto-20ml","title":{"rendered":"\u00d3leo de Eucalipto &#8211; 20ml"},"content":{"rendered":"<p>O Que \u00e9 o \u00d3leo de Eucalipto?<br \/>\nO \u00f3leo de eucalipto \u00e9 um \u00f3leo essencial extra\u00eddo das folhas da \u00e1rvore de eucalipto, conhecida por suas propriedades naturais e terap\u00eauticas. Muito utilizado na aromaterapia, este \u00f3leo apresenta um aroma fresco e estimulante.<br \/>\nBenef\u00edcios para a Sa\u00fade<br \/>\nO \u00f3leo de eucalipto \u00e9 amplamente reconhecido por suas propriedades anti-inflamat\u00f3rias e antimicrobianas. Usado em massagens, pode ajudar a aliviar dores musculares e articulares. Al\u00e9m disso, a sua inala\u00e7\u00e3o pode facilitar a respira\u00e7\u00e3o em casos de congest\u00e3o nasal.<br \/>\nUsos Comuns do \u00d3leo de Eucalipto<br \/>\nEsse \u00f3leo vers\u00e1til pode ser utilizado de diversas formas. Desde difusores de aromaterapia, passando pela adi\u00e7\u00e3o em banhos relaxantes, at\u00e9 ser um ingrediente em solu\u00e7\u00f5es caseiras de limpeza, o \u00f3leo de eucalipto \u00e9 uma excelente adi\u00e7\u00e3o ao seu dia a dia.<\/p>\n","protected":false},"excerpt":{"rendered":"<p>O Que \u00e9 o \u00d3leo de Eucalipto? O \u00f3leo de eucalipto \u00e9 um \u00f3leo essencial extra\u00eddo das folhas da \u00e1rvore de eucalipto, conhecida por suas propriedades naturais e terap\u00eauticas. Muito utilizado na aromaterapia, este \u00f3leo apresenta um aroma fresco e estimulante. Benef\u00edcios para a Sa\u00fade O \u00f3leo de eucalipto \u00e9 amplamente reconhecido por suas propriedades [&hellip;]<\/p>\n","protected":false},"featured_media":1779,"comment_status":"open","ping_status":"closed","template":"","meta":[],"product_brand":[],"product_cat":[337],"product_tag":[],"class_list":{"0":"post-4938","1":"product","2":"type-product","3":"status-publish","4":"has-post-thumbnail","6":"product_cat-produtos-regionais","8":"first","9":"instock","10":"shipping-taxable","11":"purchasable","12":"product-type-simple"},"_links":{"self":[{"href":"https:\/\/asdeliciasdosertao.com.br\/index.php?rest_route=\/wp\/v2\/product\/4938","targetHints":{"allow":["GET"]}}],"collection":[{"href":"https:\/\/asdeliciasdosertao.com.br\/index.php?rest_route=\/wp\/v2\/product"}],"about":[{"href":"https:\/\/asdeliciasdosertao.com.br\/index.php?rest_route=\/wp\/v2\/types\/product"}],"replies":[{"embeddable":true,"href":"https:\/\/asdeliciasdosertao.com.br\/index.php?rest_route=%2Fwp%2Fv2%2Fcomments&post=4938"}],"wp:featuredmedia":[{"embeddable":true,"href":"https:\/\/asdeliciasdosertao.com.br\/index.php?rest_route=\/wp\/v2\/media\/1779"}],"wp:attachment":[{"href":"https:\/\/asdeliciasdosertao.com.br\/index.php?rest_route=%2Fwp%2Fv2%2Fmedia&parent=4938"}],"wp:term":[{"taxonomy":"product_brand","embeddable":true,"href":"https:\/\/asdeliciasdosertao.com.br\/index.php?rest_route=%2Fwp%2Fv2%2Fproduct_brand&post=4938"},{"taxonomy":"product_cat","embeddable":true,"href":"https:\/\/asdeliciasdosertao.com.br\/index.php?rest_route=%2Fwp%2Fv2%2Fproduct_cat&post=4938"},{"taxonomy":"product_tag","embeddable":true,"href":"https:\/\/asdeliciasdosertao.com.br\/index.php?rest_route=%2Fwp%2Fv2%2Fproduct_tag&post=4938"}],"curies":[{"name":"wp","href":"https:\/\/api.w.org\/{rel}","templated":true}]}}